5
Let a = 13 + -10. What is the units digit of ((-138)/(-9) + 1)*a?
9
Suppose -1 = -2*h - 3*z + 1, 0 = h + 5*z - 1. Let d(s) = -s - 7. Let l be d(-11). What is the units digit of h/l - 7/(-4)?
2
Suppose -5*q - 3*g + 5*g = -608, 5*q = 4*g + 606. Let o = q + -334. What is the tens digit of o/(-10) - 4/20?
2
Let q(g) = 96*g**2 - g. What is the units digit of q(-1)?
7
Let c(x) = 5*x**2 - 5*x - 2. Let q(v) = -2*v**2 + 2*v + 1. Let m(w) = 3*c(w) + 8*q(w). Let l be m(0). Suppose -l*u + 5*u - 39 = 0. What is the tens digit of u?
1
Let n(d) = -26*d - 35. What is the units digit of n(-6)?
1
Let l(s) = -s**3 - 4*s**2 + 2*s - 2. Let n be l(-5). Suppose -j + n = -3*c - 10, -115 = -5*j - 4*c. What is the tens digit of j?
2
Let q = 3 + 1. Let a(b) = -b**3 + 6*b**2 - 4*b + 1. Let l be a(q). Suppose -3*s + l = -4*x, 5*s + x + 8 - 44 = 0. What is the units digit of s?
7
Suppose -147 = 2*w - 3*w. What is the units digit of w?
7
Let z(c) = -c**3 + 3*c**2 + 5*c - 6. What is the tens digit of z(-3)?
3
Suppose -486 = -4*d - 5*u - 50, -108 = -d - u. What is the hundreds digit of d?
1
Suppose 0 = 3*k - k + 30. Let o = 21 + k. What is the units digit of o?
6
Let g(n) be the third derivative of 2/3*n**3 + 0*n - 1/12*n**4 - 2*n**2 + 0. What is the tens digit of g(-3)?
1
Let a(o) = -o**2 - 7*o + 10. Let n be a(-9). Let z = n - -16. What is the units digit of z?
8
Let m = -150 + 308. What is the units digit of m?
8
Let l = -80 - -196. What is the hundreds digit of l?
1
Let c be (-1 + (-2)/(-6))*-36. Suppose 6*i - 2*i - c = 0. What is the units digit of i?
6
Suppose -3*k = -h - 515, 0 = -k + 6*k + 2*h - 862. Suppose -k = -r - 3*r. What is the units digit of r?
3
Let l = -178 + 258. What is the tens digit of l?
8
Let x(a) = a**3 + 3*a**2 - 5*a - 2. Let q be x(-3). Let s = -8 + q. Suppose -s - 7 = -3*r. What is the units digit of r?
4
Let r(y) = -6*y**2 - y - 1. Let k be r(-1). Let g(p) = 5*p + 2. Let j(c) = 24*c + 10. Let h(m) = 14*g(m) - 3*j(m). What is the tens digit of h(k)?
1
Suppose 0 = -5*y - 0*y + 125. What is the tens digit of y?
2
Suppose -2*k = 4, -4*k + 3 = -4*o + 19. Suppose -92 = -4*l + o*h, -l + 69 = 2*l + h. What is the units digit of l?
3
Suppose 0 = -a - 5, -2*p + 0*a - 2*a = -332. What is the tens digit of p?
7
Suppose -2*f - 216 = 3*n, -2*f - 3*n - 220 = n. What is the units digit of (-4)/(-6) - f/9?
2
Let z(r) = -92*r + 5. What is the tens digit of z(-4)?
7
Suppose -2*h - 3*l - 39 = -181, 3*l = h - 89. What is the tens digit of h?
7
Let u = 0 - 2. Let a be (-5 - 2 - u) + 0. Let g = a + 10. What is the units digit of g?
5
Suppose 3 + 5 = 4*t. Suppose z + z + t*m - 38 = 0, m = -5. What is the units digit of z?
4
Let u be (40/(-25))/((-4)/10). What is the tens digit of 34 + 12/u + -2?
3
Let v = -2 + 10. Let u = 16 - v. What is the units digit of u?
8
Suppose 0 = -4*l - 3*a - 60, -l = -2*l - 3*a - 24. Let h = l + 18. Suppose -3*m - 5*j - 1 = 0, h*m - 3*j - 47 = 2*m. What is the units digit of m?
8
Let a(h) be the second derivative of h**5/20 - h**4/4 + h**3/3 + h. Let i be a(2). Suppose i*c - 6 = -c. What is the units digit of c?
6
Suppose 4*o = -0*o + 444. What is the units digit of o?
1
Let f(c) = c**2 - 12*c + 31. What is the tens digit of f(21)?
2
Let z be 34/3 - 1/3. Let y = z + -4. What is the units digit of y?
7
Let n(j) = 4*j**2 + 3*j - 2. What is the units digit of n(-2)?
8
Let a = -6 + 6. What is the units digit of a/(-2) - (2 + -21)?
9
Suppose -5*s - 12 = -s. Let y be ((-2)/(-4))/(s/(-6)). Suppose y = w - 4. What is the units digit of w?
5
Suppose 2*n - 15 = 5*n. Let h = 7 + n. Suppose k = -k + h. What is the units digit of k?
1
Suppose -11*n = 4*m - 8*n - 1, -2*n + 3 = 5*m. What is the units digit of m?
1
Suppose 0 = 3*d - 0*d + 21. What is the tens digit of 26/5*(-2 - d)?
2
Suppose -v - v - 20 = 0. What is the units digit of (v*4/2)/(-2)?
0
Let x(u) = 3*u - 6. Let o be x(4). What is the units digit of (o + 3)*2/2?
9
Let v be (-4 - -3)*(-1 + -2). Suppose -4*a + 16 + 4 = 0, -v*n + 4*a = 14. What is the units digit of n?
2
What is the hundreds digit of -2*(-4 + 6) - -137?
1
Let w(u) = 3*u - 3. Let f(y) = 4*y - 2. Let x(q) = -5*f(q) + 4*w(q). What is the units digit of x(-2)?
4
What is the units digit of ((-48)/2)/(-4) - 0/2?
6
Let t be -1*(3 + -2)*3. Let n(y) = 2*y + 28. Let x be n(-14). Let g = x - t. What is the units digit of g?
3
Let k = -73 - -135. What is the tens digit of k?
6
Suppose -2*l = -7*l - 20. What is the units digit of (-2)/(l/(-1 - -3))?
1
Suppose o = 2*s + 18, 5*o - 2*s + 4*s = 54. What is the tens digit of o?
1
Let c(t) = -3*t - 27. Let w(p) = p + 9. Let g(r) = 2*c(r) + 7*w(r). Let d be g(-7). Suppose 0 = -0*k + d*k - 14. What is the units digit of k?
7
Let r(l) = 0*l**2 - l - 4*l - 2 - l**2. Let a be 18/(-5) - (-6)/(-15). What is the units digit of r(a)?
2
Let v(x) = -x**2 + 2*x + 3. Let m be v(3). Suppose 0 = -4*t + 5*k + 61, 3*t + 3*k + 0*k - 12 = m. What is the units digit of t?
9
Let a = 3 + 1. Suppose -a*l + 25 = l. Suppose 5*h = 5*z + h - l, z + h - 10 = 0. What is the units digit of z?
5
Suppose -2*b = 5*r + 10, 5*b + 5*r + 27 = 2. Let n = b + 29. What is the units digit of n?
4
Let c = 7 - 0. Suppose -3*i = -28 + c. What is the units digit of (0/3)/(-3) + i?
7
Let x(w) = w**2 - 5*w + 4. Let a be x(4). Suppose 2*t + 5*u + 10 = -a*t, 3*u - 3 = -3*t. What is the units digit of t?
5
Suppose b - 3*b + 163 = r, 3*b + 3*r = 249. What is the tens digit of b?
8
Let c(g) = -2*g - 8. Let u be c(-6). Let s = 8 + -8. Suppose -3*y - u*b + 1 = -2, -3*y - 3*b + 6 = s. What is the units digit of y?
5
Let c(z) = 2*z - 10. Let q be c(7). Let t = -20 - -38. Suppose o - t = -2*a - 3*o, 0 = -q*a - o + 36. What is the units digit of a?
9
Suppose -v = -2*v + 3. Suppose v*g - 27 = -d, -4*d + 49 = -5*g + 9. What is the units digit of d?
5
Let p = -78 - -387. What is the units digit of p?
9
Suppose -4 = -5*g + 1. What is the tens digit of (35/(-7))/(g/(-6))?
3
What is the units digit of (0 - 7 - -4) + 5?
2
Suppose 2*w - 3*q = -3, 4*w = 2*q - 7*q + 27. Let n(k) = 3*k - 3. Let t be n(w). Let d = 2 + t. What is the units digit of d?
8
Suppose 4*d - 183 = 5*s, s = 2*d + 5*s - 124. What is the units digit of d?
2
Let d be 3/6*6*-51. What is the units digit of -5*(d/15 - -2)?
1
Let b(y) = -y**3 + 1. Let o(l) = 3*l**3 - l**2 - l - 13. Let k(q) = -2*b(q) - o(q). What is the units digit of k(0)?
1
Suppose d - 3*x = 91, -3*d + 5*d - 2*x = 194. Suppose -d = -5*k + k. What is the units digit of k?
5
Suppose 0 = c - 3*l, 2*c = 4*c - 2*l - 4. Suppose 0 = -u - 3*i + 11, 0*i - 9 = c*i. What is the units digit of u?
0
Suppose 94 = -p - p. What is the tens digit of p/(-2) - 2/4?
2
Let s = 159 - 115. What is the units digit of s?
4
Let t = 3 - 4. Let h = t + 2. What is the units digit of h/1 - (0 - 0)?
1
Let d = 3 + -4. Let k(n) = n**2 + n. Let a(r) = r - 4. Let t(g) = d*a(g) + k(g). What is the units digit of t(3)?
3
Let t be (2 + -4)/((-2)/7). Let n = -10 + t. Let m = 4 + n. What is the units digit of m?
1
Let a = 51 - 20. What is the units digit of a?
1
Suppose 0 = 9*l - 16*l + 1953. What is the hundreds digit of l?
2
Let x = -10 + 0. What is the units digit of 4/x - 36/(-15)?
2
Let m(r) = -7*r + 2. Suppose 0 = -0*w + w - 3. Let h be m(w). Let s = 27 + h. What is the units digit of s?
8
Let c = -11 + 11. Suppose -3*m + 6 + 24 = c. What is the units digit of m?
0
Let m(p) = p**3 + 4*p**2 - 2*p + 1. Let x be m(-4). Let z = 23 - x. What is the units digit of z?
4
Suppose p - 4*r - 93 = 0, -2*r - 93 = -3*p + 2*p. What is the units digit of p?
3
Suppose -4*n = 4*z + 16, 4*z = -4*n + z - 11. Let a = 21 - n. What is the units digit of a?
0
Let k = 1 + 3. Suppose -5*z + 10*z - 10 = -k*g, z - 3*g = 2. What is the units digit of z?
2
Let p = -371 + 539. What is the units digit of p?
8
Suppose 8*m - 9*m + 8 = 0. What is the units digit of m?
8
Let w(u) = -u**2 - 9*u - 5. What is the units digit of w(-8)?
3
Suppose -5*p = 2*u, -2*p + 9 = 2*u - 3. Suppose b - u = 6*b. Let v = 1 - b. What is the units digit of v?
3
Suppose -3*s + 5*l = -11, 2*s - 37 = -3*s - l. Let n = s - -5. Suppose n = 3*x - 3. What is the units digit of x?
5
Let b = 35 - 5. What is the tens digit of b?
3
Let g(y) = 2*y**2 - 3*y + 9. What is the hundreds digit of g(-8)?
1
Let q(k) = k + 10. Let z(c) = 